        {"id":78,"date":"2015-02-21T07:51:34","date_gmt":"2015-02-21T06:51:34","guid":{"rendered":"https:\/\/gt6nnbprin.preview.infomaniak.website\/?page_id=78"},"modified":"2026-02-02T18:58:25","modified_gmt":"2026-02-02T17:58:25","slug":"actualite","status":"publish","type":"page","link":"http:\/\/www.aeroclub-lessay.fr\/?page_id=78","title":{"rendered":"Activit\u00e9s diverses de l&rsquo;a\u00e9roclub"},"content":{"rendered":"\n<div class=\"wp-block-group\"><div class=\"wp-block-group__inner-container is-layout-flow wp-block-group-is-layout-flow\">\n<p class=\"has-light-gray-background-color has-background\"><a href=\"http:\/\/www.aeroclub-lessay.fr\/wp-content\/uploads\/2026\/02\/Heures-vols-graphiques.pdf\" target=\"_blank\" rel=\"noreferrer noopener\">Lien vers le RECAPITULATIF DES HEURES DE VOL<\/a><\/p>\n<\/div><\/div>\n\n\n\n<p><\/p>\n\n\n<div class=\"wp-block-image is-style-default\">\n<figure class=\"aligncenter\"><a href=\"http:\/\/www.aeroclub-lessay.fr\/wp-content\/uploads\/2026\/02\/Heures-vols-graphiques.pdf\" target=\"_blank\" rel=\"noreferrer noopener\"><img loading=\"lazy\" decoding=\"async\" width=\"300\" height=\"141\" src=\"https:\/\/gt6nnbprin.preview.infomaniak.website\/wp-content\/uploads\/2019\/01\/CAL-heures-de-vol-12-2018-1-300x141.jpg\" alt=\"\" class=\"wp-image-1554\" title=\"https:\/\/gt6nnbprin.preview.infomaniak.website\/wp-content\/uploads\/2020\/02\/Heures-vols-graphiques.pdf\" srcset=\"http:\/\/www.aeroclub-lessay.fr\/wp-content\/uploads\/2019\/01\/CAL-heures-de-vol-12-2018-1-300x141.jpg 300w, http:\/\/www.aeroclub-lessay.fr\/wp-content\/uploads\/2019\/01\/CAL-heures-de-vol-12-2018-1-768x360.jpg 768w, http:\/\/www.aeroclub-lessay.fr\/wp-content\/uploads\/2019\/01\/CAL-heures-de-vol-12-2018-1-500x234.jpg 500w, http:\/\/www.aeroclub-lessay.fr\/wp-content\/uploads\/2019\/01\/CAL-heures-de-vol-12-2018-1.jpg 952w\" sizes=\"auto, (max-width: 300px) 100vw, 300px\" \/><\/a><\/figure><\/div>\n\n\n<p><\/p>\n\n\n\n<hr class=\"wp-block-separator has-css-opacity\"\/>\n\n\n\n<div class=\"wp-block-group has-light-gray-background-color has-background\"><div class=\"wp-block-group__inner-container is-layout-flow wp-block-group-is-layout-flow\">\n<p style=\"text-align: center;\"><span style=\"background-color: #ff00ff;\"><strong>2025<\/strong><\/span><\/p>\n<ul style=\"list-style-type: square;\">\n<li><a href=\"https:\/\/photos.app.goo.gl\/5Da568yFSmWP8MuUA\" target=\"_blank\" rel=\"noopener\">29 juin 2025 : Rallye ANR (Air Navigation Race).<\/a><\/li>\n<li><strong><a href=\"https:\/\/photos.app.goo.gl\/um2ud1UikpDa9NAp6\" target=\"_blank\" rel=\"noopener\">Chanteuse ELLA GUNN <\/a><\/strong>la<a style=\"font-size: revert;\" href=\"http:\/\/www.ellagunnmusic.com\/\" target=\"_blank\" rel=\"noopener\"> chanteuse et musicienne (rock, blues)<\/a><span style=\"font-size: revert;\">, originaire de la Manche, <\/span><a style=\"font-size: revert;\" href=\"http:\/\/www.ellagunnmusic.com\/\" target=\"_blank\" rel=\"noopener\">Ella Gunn<\/a><span style=\"font-size: revert;\"> a r\u00e9alis\u00e9 un \u00ab\u00a0shooting\u00a0\u00bb photos pour la sortie de son 2\u00e8me album (sorti le 29 avril 2025), illustr\u00e9 de photos prises sur a\u00e9rodrome de Lessay.<\/span><\/li>\n<li>&#8211; Animations du mois de juin 2025 (visite \u00e9cole maternelle Coutances JP2, visite groupe handicap\u00e9s, Rallye \u00ab\u00a0air sans fronti\u00e8re\u00a0\u00bb, \u00e9l\u00e8ves BIA Bayeux).<\/li>\n<\/ul>\n<p style=\"text-align: center;\"><span style=\"background-color: #ff00ff;\"><strong>2023<\/strong><\/span><\/p>\n<ul>\n<li><a href=\"https:\/\/fr.flightsim.to\/file\/60916\/lfom-lessay\" target=\"_blank\" rel=\"noopener\">Octobre 2023, pour les amateurs de Flight simulator, une tr\u00e8s belle mod\u00e9lisation de l&rsquo;a\u00e9rodrome de Lessay (en t\u00e9l\u00e9chargement gratuit).<\/a><\/li>\n<li><a href=\"https:\/\/photos.app.goo.gl\/fYas54XUur5h9c666\" target=\"_blank\" rel=\"noopener\">2 ao\u00fbt 2023, visites des installations et avions par un groupe de mal-voyants.<\/a><\/li>\n<li><a href=\"https:\/\/photos.app.goo.gl\/JyFvxzStyb1Pij8n6\" target=\"_blank\" rel=\"noopener\">7 juillet 2023, PHOTOS DU BARBECUE A\u00e9roclub.<\/a><\/li>\n<li>\n<p><a href=\"https:\/\/photos.app.goo.gl\/YSQHhy7vyguPXnos5\" target=\"_blank\" rel=\"noopener\">24 et 25 juin 2023, PHOTOS DE LA FETE DES 100 ANS DE L&rsquo;AERODROME (2 000 spectateurs)<\/a><\/p>\n<\/li>\n<li>\n<p><a href=\"https:\/\/www.youtube.com\/watch?v=s9o-n9iUHGQ\" target=\"_blank\" rel=\"noopener\">Une vid\u00e9o des 100 ans \u00e0 regarder sur Youtube.<\/a><\/p>\n<\/li>\n<li><a href=\"http:\/\/www.aeroclub-lessay.fr\/?page_id=1056\" target=\"_blank\" rel=\"noopener noreferrer\">21 janvier 2023. Assembl\u00e9e g\u00e9n\u00e9rale.<\/a><\/li>\n<\/ul>\n<p style=\"text-align: center;\"><span style=\"background-color: #ff00ff;\"><strong>2022<\/strong><\/span><\/p>\n<ul>\n<li><a href=\"https:\/\/photos.app.goo.gl\/jVJP2RFqPxfnVSbw6\" target=\"_blank\" rel=\"noopener\">OCTOBRE 2022. Brevet d&rsquo;Initiation A\u00e9ronautique (BIA), 2\u00e8me vol Lyc\u00e9e Arcisse de Caumont (Bayeux).<\/a><\/li>\n<li><a href=\"https:\/\/photos.app.goo.gl\/fYxuUUcB67UuP1rRA\" target=\"_blank\" rel=\"noopener\">Mai 2022. Brevet d&rsquo;Initiation A\u00e9ronautique (BIA), Lyc\u00e9e Arcisse de Caumont (Bayeux).<\/a><\/li>\n<li><a href=\"https:\/\/photos.app.goo.gl\/4kfcW7pzQkMMNj1E8\" target=\"_blank\" rel=\"noopener\">7 Mai 2022. Nettoyage de la plate-forme.<\/a><\/li>\n<li><a href=\"https:\/\/photos.app.goo.gl\/CHGd7K1d6WNoaGNh7\" target=\"_blank\" rel=\"noopener\">AVRIL 2022. Ecole Jean-Paul II, Coutances. 3 classes de CM1. Vols d\u00e9couverte et \u00e9changes a\u00e9ronautiques.<\/a><\/li>\n<\/ul>\n<p style=\"text-align: center;\"><strong><span style=\"background-color: #ff00ff;\">2021<\/span><\/strong><\/p>\n<ul>\n<li><a href=\"https:\/\/photos.app.goo.gl\/LfjhDaatr9VQbfdq9\" target=\"_blank\" rel=\"noopener\">ACCUEIL petit-d\u00e9jeuner CRAN 18 septembre 2021.<\/a><\/li>\n<li><a href=\"http:\/\/www.aeroclub-lessay.fr\/?rl_gallery=barbecue-26-6-2021\" target=\"_blank\" rel=\"noopener\">BARBECUE 26 juin 2021.<\/a><\/li>\n<li><a href=\"http:\/\/www.aeroclub-lessay.fr\/?page_id=2967\" target=\"_blank\" rel=\"noopener noreferrer\">CONSTRUCTION d&rsquo;un GAZAILE.<\/a><\/li>\n<li><a href=\"https:\/\/photos.app.goo.gl\/6NRWYnNZQ9wCivmd6\" target=\"_blank\" rel=\"noopener\"> 31 mars, formation BIA \u00e9l\u00e8ves du lyc\u00e9e Lyc\u00e9e A. de Caumont (Bayeux)<\/a><\/li>\n<\/ul>\n<p style=\"text-align: center;\"><strong><span style=\"color: #000000; background-color: #ff00ff;\">2020<\/span><\/strong><\/p>\n<ul>\n<li>Novembre 2020, <a href=\"https:\/\/www.facebook.com\/manchebalades\/posts\/153932079713707\" target=\"_blank\" rel=\"noopener noreferrer\">un reportage sur l\u2019a\u00e9roclub<\/a><a href=\"https:\/\/photos.app.goo.gl\/6NRWYnNZQ9wCivmd6\" target=\"_blank\" rel=\"noopener\"> par \u00ab\u00a0<\/a><a href=\"https:\/\/www.facebook.com\/manchebalades\/\" target=\"_blank\" rel=\"noopener noreferrer\">Manche balades d\u00e9couvertes\u00a0\u00bb sur Facebook<\/a><a href=\"https:\/\/photos.app.goo.gl\/6NRWYnNZQ9wCivmd6\" target=\"_blank\" rel=\"noopener\">.<\/a><\/li>\n<li><a href=\"http:\/\/www.aeroclub-lessay.fr\/?post_type=rl_gallery&amp;p=2760&amp;preview=true\" target=\"_blank\" rel=\"noopener noreferrer\">30 septembre 2020, remise coupe jeu concours CDAM.<\/a><\/li>\n<li><a href=\"http:\/\/www.aeroclub-lessay.fr\/?rl_gallery=reparation-de-la-piste-apres-passage-des-sangliers-2-2020\" target=\"_blank\" rel=\"noopener noreferrer\">F\u00e9vrier 2020, r\u00e9parations de la piste apr\u00e8s le passage des sangliers.<\/a><\/li>\n<li><a href=\"http:\/\/www.aeroclub-lessay.fr\/wp-content\/uploads\/2020\/02\/CAL-LESSAY-AG-20-1-2020-scaled non.jpg\" rel=\"noopener noreferrer\" data-wplink-url-error=\"true\" data-rel=\"lightbox-image-0\" data-rl_title=\"\" data-rl_caption=\"\" title=\"\">Janvier 2020, l&rsquo;assembl\u00e9e g\u00e9n\u00e9rale.<\/a><\/li>\n<\/ul>\n<p style=\"text-align: center;\"><strong><span style=\"background-color: #ff00ff;\">2019<\/span><\/strong><\/p>\n<ul>\n<li><a href=\"http:\/\/www.aeroclub-lessay.fr\/?rl_gallery=grillade-party-23-aout-2019\" target=\"_blank\" rel=\"noopener noreferrer\">22 ao\u00fbt 2019, grillade-party.<\/a><\/li>\n<li><a href=\"http:\/\/www.aeroclub-lessay.fr\/?rl_gallery=normandy-airfield-camp-du-6-au-9-juin-2019\" target=\"_blank\" rel=\"noopener noreferrer\">JUIN 2019, 75\u00e8me anniversaire du d\u00e9barquement, NORMANDY AIRFIELD CAMP.<\/a><\/li>\n<li><a href=\"http:\/\/www.aeroclub-lessay.fr\/wp-content\/uploads\/2019\/06\/CAL-LESSAY-BIA-5-2019-20190515_150643-Copy.jpg\" target=\"_blank\" rel=\"noopener noreferrer\" data-rel=\"lightbox-image-1\" data-rl_title=\"\" data-rl_caption=\"\" title=\"\">Juin 2019, formation BIA aux \u00e9l\u00e8ves des lyc\u00e9es Thomas <span class=\"il\">Pesquet<\/span> et Lebrun<\/a><\/li>\n<li><a href=\"http:\/\/www.aeroclub-lessay.fr\/wp-content\/uploads\/2019\/06\/CAL-Lessay-ULM-30-5-2019-Large.jpg\" target=\"_blank\" rel=\"noopener noreferrer\" data-rel=\"lightbox-image-2\" data-rl_title=\"\" data-rl_caption=\"\" title=\"\">Mai 2019, rassemblement ULM<\/a><\/li>\n<li><a href=\"http:\/\/www.aeroclub-lessay.fr\/?rl_gallery=lessay-cal-nettoyage-5-2019\" target=\"_blank\" rel=\"noopener noreferrer\">Mai 2019, nettoyage des infrastructures.<\/a>\n<p style=\"text-align: center;\"><span style=\"color: #000000; background-color: #ff00ff;\"><strong>2018<\/strong><\/span><\/p>\n<\/li>\n<li><a href=\"http:\/\/www.aeroclub-lessay.fr\/?rl_gallery=21-aout-2018-le-tournoi-de-petanque-et-une-grillade-party-ambiance-conviviale\" target=\"_blank\" rel=\"noopener noreferrer\">Ao\u00fbt 2018, tournoi de p\u00e9tanque et grillades.<\/a><\/li>\n<li><a href=\"http:\/\/www.aeroclub-lessay.fr\/?rl_gallery=normandy-airfield-camp-2018\" target=\"_blank\" rel=\"noopener noreferrer\">Juin 2018, Normandy Airfield Camp.<\/a><\/li>\n<li><a href=\"http:\/\/www.aeroclub-lessay.fr\/?rl_gallery=normandy-airfield-camp-juin-2017\" target=\"_blank\" rel=\"noopener noreferrer\">Juin 2017, Normandy Airfield Camp.<\/a><\/li>\n<\/ul>\n\n\n<\/div><\/div>\n\n\n\n<p>30 route de l&rsquo;A\u00e9rodrome 50430 Lessay<br \/>T\u00e9l\u00a0 : 06 15 29 47 74<br \/>Mail : \u00a0<a href=\"mailto:aeroclub.lessay@gmail.com\">aeroclub.lessay@gmail.com<\/a><\/p>\n","protected":false},"excerpt":{"rendered":"<p>Lien vers le RECAPITULATIF DES HEURES DE VOL 2025 29 juin 2025 : Rallye ANR (Air Navigation Race). Chanteuse ELLA GUNN la chanteuse et musicienne (rock, blues), originaire de la Manche, Ella Gunn a r\u00e9alis\u00e9 un \u00ab\u00a0shooting\u00a0\u00bb photos pour la &hellip; <a href=\"http:\/\/www.aeroclub-lessay.fr\/?page_id=78\">Continuer la lecture <span class=\"meta-nav\">&rarr;<\/span><\/a><\/p>\n","protected":false},"author":1,"featured_media":0,"parent":0,"menu_order":0,"comment_status":"closed","ping_status":"closed","template":"showcase.php","meta":{"_monsterinsights_skip_tracking":false,"_monsterinsights_sitenote_active":false,"_monsterinsights_sitenote_note":"","_monsterinsights_sitenote_category":0,"footnotes":""},"class_list":["post-78","page","type-page","status-publish","hentry"],"_links":{"self":[{"href":"http:\/\/www.aeroclub-lessay.fr\/index.php?rest_route=\/wp\/v2\/pages\/78","targetHints":{"allow":["GET"]}}],"collection":[{"href":"http:\/\/www.aeroclub-lessay.fr\/index.php?rest_route=\/wp\/v2\/pages"}],"about":[{"href":"http:\/\/www.aeroclub-lessay.fr\/index.php?rest_route=\/wp\/v2\/types\/page"}],"author":[{"embeddable":true,"href":"http:\/\/www.aeroclub-lessay.fr\/index.php?rest_route=\/wp\/v2\/users\/1"}],"replies":[{"embeddable":true,"href":"http:\/\/www.aeroclub-lessay.fr\/index.php?rest_route=%2Fwp%2Fv2%2Fcomments&post=78"}],"version-history":[{"count":273,"href":"http:\/\/www.aeroclub-lessay.fr\/index.php?rest_route=\/wp\/v2\/pages\/78\/revisions"}],"predecessor-version":[{"id":4352,"href":"http:\/\/www.aeroclub-lessay.fr\/index.php?rest_route=\/wp\/v2\/pages\/78\/revisions\/4352"}],"wp:attachment":[{"href":"http:\/\/www.aeroclub-lessay.fr\/index.php?rest_route=%2Fwp%2Fv2%2Fmedia&parent=78"}],"curies":[{"name":"wp","href":"https:\/\/api.w.org\/{rel}","templated":true}]}}

Activités diverses de l&rsquo;aéroclub

<div class="wp-block-group"><div class="wp-block-group__inner-container is-layout-flow wp-block-group-is-layout-flow">
<p class="has-light-gray-background-color has-background"><a href="http://www.aeroclub-lessay.fr/wp-content/uploads/2026/02/Heures-vols-graphiques.pdf" target="_blank" rel="noreferrer noopener">Lien vers le RECAPITULATIF DES HEURES DE VOL</a></p>
</div></div>



<p></p>


<div class="wp-block-image is-style-default">
<figure class="aligncenter"><a href="http://www.aeroclub-lessay.fr/wp-content/uploads/2026/02/Heures-vols-graphiques.pdf" target="_blank" rel="noreferrer noopener"><img loading="lazy" decoding="async" width="300" height="141" src="https://gt6nnbprin.preview.infomaniak.website/wp-content/uploads/2019/01/CAL-heures-de-vol-12-2018-1-300x141.jpg" alt="" class="wp-image-1554" title="https://gt6nnbprin.preview.infomaniak.website/wp-content/uploads/2020/02/Heures-vols-graphiques.pdf" srcset="http://www.aeroclub-lessay.fr/wp-content/uploads/2019/01/CAL-heures-de-vol-12-2018-1-300x141.jpg 300w, http://www.aeroclub-lessay.fr/wp-content/uploads/2019/01/CAL-heures-de-vol-12-2018-1-768x360.jpg 768w, http://www.aeroclub-lessay.fr/wp-content/uploads/2019/01/CAL-heures-de-vol-12-2018-1-500x234.jpg 500w, http://www.aeroclub-lessay.fr/wp-content/uploads/2019/01/CAL-heures-de-vol-12-2018-1.jpg 952w" sizes="auto, (max-width: 300px) 100vw, 300px" /></a></figure></div>


<p></p>



<hr class="wp-block-separator has-css-opacity"/>



<div class="wp-block-group has-light-gray-background-color has-background"><div class="wp-block-group__inner-container is-layout-flow wp-block-group-is-layout-flow">
<p style="text-align: center;"><span style="background-color: #ff00ff;"><strong>2025</strong></span></p>
<ul style="list-style-type: square;">
<li><a href="https://photos.app.goo.gl/5Da568yFSmWP8MuUA" target="_blank" rel="noopener">29 juin 2025 : Rallye ANR (Air Navigation Race).</a></li>
<li><strong><a href="https://photos.app.goo.gl/um2ud1UikpDa9NAp6" target="_blank" rel="noopener">Chanteuse ELLA GUNN </a></strong>la<a style="font-size: revert;" href="http://www.ellagunnmusic.com/" target="_blank" rel="noopener"> chanteuse et musicienne (rock, blues)</a><span style="font-size: revert;">, originaire de la Manche, </span><a style="font-size: revert;" href="http://www.ellagunnmusic.com/" target="_blank" rel="noopener">Ella Gunn</a><span style="font-size: revert;"> a réalisé un « shooting » photos pour la sortie de son 2ème album (sorti le 29 avril 2025), illustré de photos prises sur aérodrome de Lessay.</span></li>
<li>&#8211; Animations du mois de juin 2025 (visite école maternelle Coutances JP2, visite groupe handicapés, Rallye « air sans frontière », élèves BIA Bayeux).</li>
</ul>
<p style="text-align: center;"><span style="background-color: #ff00ff;"><strong>2023</strong></span></p>
<ul>
<li><a href="https://fr.flightsim.to/file/60916/lfom-lessay" target="_blank" rel="noopener">Octobre 2023, pour les amateurs de Flight simulator, une très belle modélisation de l&rsquo;aérodrome de Lessay (en téléchargement gratuit).</a></li>
<li><a href="https://photos.app.goo.gl/fYas54XUur5h9c666" target="_blank" rel="noopener">2 août 2023, visites des installations et avions par un groupe de mal-voyants.</a></li>
<li><a href="https://photos.app.goo.gl/JyFvxzStyb1Pij8n6" target="_blank" rel="noopener">7 juillet 2023, PHOTOS DU BARBECUE Aéroclub.</a></li>
<li>
<p><a href="https://photos.app.goo.gl/YSQHhy7vyguPXnos5" target="_blank" rel="noopener">24 et 25 juin 2023, PHOTOS DE LA FETE DES 100 ANS DE L&rsquo;AERODROME (2 000 spectateurs)</a></p>
</li>
<li>
<p><a href="https://www.youtube.com/watch?v=s9o-n9iUHGQ" target="_blank" rel="noopener">Une vidéo des 100 ans à regarder sur Youtube.</a></p>
</li>
<li><a href="http://www.aeroclub-lessay.fr/?page_id=1056" target="_blank" rel="noopener noreferrer">21 janvier 2023. Assemblée générale.</a></li>
</ul>
<p style="text-align: center;"><span style="background-color: #ff00ff;"><strong>2022</strong></span></p>
<ul>
<li><a href="https://photos.app.goo.gl/jVJP2RFqPxfnVSbw6" target="_blank" rel="noopener">OCTOBRE 2022. Brevet d&rsquo;Initiation Aéronautique (BIA), 2ème vol Lycée Arcisse de Caumont (Bayeux).</a></li>
<li><a href="https://photos.app.goo.gl/fYxuUUcB67UuP1rRA" target="_blank" rel="noopener">Mai 2022. Brevet d&rsquo;Initiation Aéronautique (BIA), Lycée Arcisse de Caumont (Bayeux).</a></li>
<li><a href="https://photos.app.goo.gl/4kfcW7pzQkMMNj1E8" target="_blank" rel="noopener">7 Mai 2022. Nettoyage de la plate-forme.</a></li>
<li><a href="https://photos.app.goo.gl/CHGd7K1d6WNoaGNh7" target="_blank" rel="noopener">AVRIL 2022. Ecole Jean-Paul II, Coutances. 3 classes de CM1. Vols découverte et échanges aéronautiques.</a></li>
</ul>
<p style="text-align: center;"><strong><span style="background-color: #ff00ff;">2021</span></strong></p>
<ul>
<li><a href="https://photos.app.goo.gl/LfjhDaatr9VQbfdq9" target="_blank" rel="noopener">ACCUEIL petit-déjeuner CRAN 18 septembre 2021.</a></li>
<li><a href="http://www.aeroclub-lessay.fr/?rl_gallery=barbecue-26-6-2021" target="_blank" rel="noopener">BARBECUE 26 juin 2021.</a></li>
<li><a href="http://www.aeroclub-lessay.fr/?page_id=2967" target="_blank" rel="noopener noreferrer">CONSTRUCTION d&rsquo;un GAZAILE.</a></li>
<li><a href="https://photos.app.goo.gl/6NRWYnNZQ9wCivmd6" target="_blank" rel="noopener"> 31 mars, formation BIA élèves du lycée Lycée A. de Caumont (Bayeux)</a></li>
</ul>
<p style="text-align: center;"><strong><span style="color: #000000; background-color: #ff00ff;">2020</span></strong></p>
<ul>
<li>Novembre 2020, <a href="https://www.facebook.com/manchebalades/posts/153932079713707" target="_blank" rel="noopener noreferrer">un reportage sur l’aéroclub</a><a href="https://photos.app.goo.gl/6NRWYnNZQ9wCivmd6" target="_blank" rel="noopener"> par « </a><a href="https://www.facebook.com/manchebalades/" target="_blank" rel="noopener noreferrer">Manche balades découvertes » sur Facebook</a><a href="https://photos.app.goo.gl/6NRWYnNZQ9wCivmd6" target="_blank" rel="noopener">.</a></li>
<li><a href="http://www.aeroclub-lessay.fr/?post_type=rl_gallery&amp;p=2760&amp;preview=true" target="_blank" rel="noopener noreferrer">30 septembre 2020, remise coupe jeu concours CDAM.</a></li>
<li><a href="http://www.aeroclub-lessay.fr/?rl_gallery=reparation-de-la-piste-apres-passage-des-sangliers-2-2020" target="_blank" rel="noopener noreferrer">Février 2020, réparations de la piste après le passage des sangliers.</a></li>
<li><a href="http://www.aeroclub-lessay.fr/wp-content/uploads/2020/02/CAL-LESSAY-AG-20-1-2020-scaled non.jpg" rel="noopener noreferrer" data-wplink-url-error="true" data-rel="lightbox-image-0" data-rl_title="" data-rl_caption="" title="">Janvier 2020, l&rsquo;assemblée générale.</a></li>
</ul>
<p style="text-align: center;"><strong><span style="background-color: #ff00ff;">2019</span></strong></p>
<ul>
<li><a href="http://www.aeroclub-lessay.fr/?rl_gallery=grillade-party-23-aout-2019" target="_blank" rel="noopener noreferrer">22 août 2019, grillade-party.</a></li>
<li><a href="http://www.aeroclub-lessay.fr/?rl_gallery=normandy-airfield-camp-du-6-au-9-juin-2019" target="_blank" rel="noopener noreferrer">JUIN 2019, 75ème anniversaire du débarquement, NORMANDY AIRFIELD CAMP.</a></li>
<li><a href="http://www.aeroclub-lessay.fr/wp-content/uploads/2019/06/CAL-LESSAY-BIA-5-2019-20190515_150643-Copy.jpg" target="_blank" rel="noopener noreferrer" data-rel="lightbox-image-1" data-rl_title="" data-rl_caption="" title="">Juin 2019, formation BIA aux élèves des lycées Thomas <span class="il">Pesquet</span> et Lebrun</a></li>
<li><a href="http://www.aeroclub-lessay.fr/wp-content/uploads/2019/06/CAL-Lessay-ULM-30-5-2019-Large.jpg" target="_blank" rel="noopener noreferrer" data-rel="lightbox-image-2" data-rl_title="" data-rl_caption="" title="">Mai 2019, rassemblement ULM</a></li>
<li><a href="http://www.aeroclub-lessay.fr/?rl_gallery=lessay-cal-nettoyage-5-2019" target="_blank" rel="noopener noreferrer">Mai 2019, nettoyage des infrastructures.</a>
<p style="text-align: center;"><span style="color: #000000; background-color: #ff00ff;"><strong>2018</strong></span></p>
</li>
<li><a href="http://www.aeroclub-lessay.fr/?rl_gallery=21-aout-2018-le-tournoi-de-petanque-et-une-grillade-party-ambiance-conviviale" target="_blank" rel="noopener noreferrer">Août 2018, tournoi de pétanque et grillades.</a></li>
<li><a href="http://www.aeroclub-lessay.fr/?rl_gallery=normandy-airfield-camp-2018" target="_blank" rel="noopener noreferrer">Juin 2018, Normandy Airfield Camp.</a></li>
<li><a href="http://www.aeroclub-lessay.fr/?rl_gallery=normandy-airfield-camp-juin-2017" target="_blank" rel="noopener noreferrer">Juin 2017, Normandy Airfield Camp.</a></li>
</ul>


</div></div>



<p>30 route de l&rsquo;Aérodrome 50430 Lessay<br />Tél  : 06 15 29 47 74<br />Mail :  <a href="mailto:aeroclub.lessay@gmail.com">aeroclub.lessay@gmail.com</a></p>

<p>Lien vers le RECAPITULATIF DES HEURES DE VOL 2025 29 juin 2025 : Rallye ANR (Air Navigation Race). Chanteuse ELLA GUNN la chanteuse et musicienne (rock, blues), originaire de la Manche, Ella Gunn a réalisé un « shooting » photos pour la &hellip; <a href="http://www.aeroclub-lessay.fr/?page_id=78">Continuer la lecture <span class="meta-nav">&rarr;</span></a></p>
